. What are the prime factors of c?
2, 3, 43
Suppose o + d - 3466 = 0, o - d = -29 + 3485. What are the prime factors of o?
3461
Suppose 3*y + 1287 - 6075 = 0. What are the prime factors of y?
2, 3, 7, 19
Let j(n) = n**2 - 2*n + 2. Let x = 5 - 3. Let c be j(x). Suppose -3*r + 5*o = -17, -3*o + c = 3*r - 7. List the prime factors of r.
2
Let f = 45 - 41. Suppose -f*d - 2*d = -354. List the prime factors of d.
59
Let x(v) = -12*v - 8. Let w be x(-2). What are the prime factors of (-1)/(-2) + 1416/w?
89
Let m = -25 - -14. Let f = 14 + m. Suppose f*r + 5*q = q + 90, 0 = -5*r + 4*q + 118. List the prime factors of r.
2, 13
Suppose -16 = -3*x - 5*i + 7, -4*i + 17 = x. Let k(p) = 5*p**2 + 2*p - 1. Let l be k(x). Suppose 8*f - l*f = 60. What are the prime factors of f?
2, 3, 5
Let o be 0 - -3*8/12. Suppose -3*t = 3*b - 0*b - 18, 4*t - 12 = o*b. Suppose 0 = -z + t + 10. What are the prime factors of z?
2, 7
Let r be (-4 - -4)*2/6. Let s = 88 - 52. Suppose r = g + 4*f - s, 5*f - 3 = 2. List the prime factors of g.
2
Let m be -1 + 1 - (17 - 108). Suppose 0 = u + 5 - m. List the prime factors of u.
2, 43
Let x(y) = -8*y**3 - 3*y**2 + 2*y - 13. List the prime factors of x(-4).
443
Suppose 0 = -614*x + 623*x - 9351. What are the prime factors of x?
1039
Suppose 5 = 2*d - 3. Let c = 79 - d. What are the prime factors of c?
3, 5
Suppose 4*v + 6 = -2, -5*v + 5 = u. Suppose -2*d + 42 = 4*w, 3*w - u + 1 = -5*d. List the prime factors of w.
13
Let d(v) = 301*v**3 + 2*v**2 + v. Let k be d(-1). Let l = k - -525. Suppose 5*m + 0*m = l. What are the prime factors of m?
3, 5
Suppose -6482 = 1854*t - 1861*t. List the prime factors of t.
2, 463
Let r = 35 + -30. Suppose 0 = 4*l + r*c - 94 - 183, -290 = -5*l + 5*c. What are the prime factors of l?
3, 7
What are the prime factors of 8/(-18)*-411*15?
2, 5, 137
Let q(d) be the third derivative of -d**6/24 - d**5/30 - d**4/4 - d**3 + 7*d**2. What are the prime factors of q(-3)?
3, 43
Suppose 68*v - 1518 = 66*v. List the prime factors of v.
3, 11, 23
Let v(f) = f + 8. Let q be v(-5). Let r(m) = -m + 6. Let o be r(q). Suppose o*b + 0*b + 4*u = 10, 0 = -4*b - 2*u + 20. What are the prime factors of b?
2, 3
Suppose 25 = -4*r - 407. Let k = r + 173. What are the prime factors of k?
5, 13
Let y = 75 + -143. Let b = y + 206. What are the prime factors of b?
2, 3, 23
Let v(f) = f**3 - 7*f**2 + f - 14. Let j be v(7). Let y be (-2)/(-14) + (-258)/j. Suppose 2*h + y = 5*t, h + 32 = 4*t - 0*h. What are the prime factors of t?
3
Let x be (1/(-2 - -1))/((-6)/2676). Suppose -x - 282 = -14*t. What are the prime factors of t?
2, 13
What are the prime factors of 6*(-6)/18 + (-1 - -797)?
2, 397
Let w(f) = -3*f + 7. Let o(i) = 5*i - 14. Let j(z) = 2*o(z) + 5*w(z). Suppose -10*p - 9 = -7*p. What are the prime factors of j(p)?
2, 11
Suppose -5*f + 19 = 3*o + 3, -24 = -o + 3*f. List the prime factors of o.
2, 3
Suppose -1227 = -m + 4*h, -5*m = 4*h + 1052 - 7187. List the prime factors of m.
3, 409
List the prime factors of ((-24)/15)/4 + 6666/15.
2, 3, 37
Let y = 4 + -1. Suppose -r - 54 = -y*r. What are the prime factors of r?
3
Let b = 838 - 518. List the prime factors of b.
2, 5
Let z(g) = 23*g - 12. Let c = 64 - 59. List the prime factors of z(c).
103
Suppose -2*s + 25 = r - 5, 4*r - 113 = -s. Let t = -84 + 86. Suppose v - r = -4*j, 0*v + 8 = t*v. List the prime factors of j.
2, 3
Let a = -1402 + 1980. List the prime factors of a.
2, 17
Let h = 17 - -9. Let q = h - -34. List the prime factors of q.
2, 3, 5
Let v(s) = -2*s**3 - 15*s**2 - 20*s + 7. What are the prime factors of v(-9)?
2, 5, 43
Let f(q) = q**2 - q. Let u(s) = s**3 + 5*s**2 + 10*s + 10. Suppose 2 = -p + 3*p. Let b(h) = p*u(h) + 3*f(h). What are the prime factors of b(-7)?
2, 5
Let d(m) = 2*m**3 + m**2 - 3*m + 448. What are the prime factors of d(0)?
2, 7
Let v(u) = u**2 + 13*u - 1. Let b(n) = -2*n**2 + n**2 - 4*n - n**2. Let y be b(-4). List the prime factors of v(y).
47
Let h = -21 - -23. List the prime factors of ((24/(-14))/h)/((-1)/56).
2, 3
Let x(i) = 85*i + 58. List the prime factors of x(17).
3, 167
Suppose -o = -0*o - 21. Let r(g) = -o - 3*g - g - 4*g. List the prime factors of r(-9).
3, 17
Suppose 2*j - 368 = 4*g, -j + 54 = -g - 36. Let l = 148 + g. Let c = -4 + l. List the prime factors of c.
2, 5
Let h = 24 + -17. Let o = h + -13. List the prime factors of 162/45*(-20)/o.
2, 3
Let g be (-1 + -66)/(2*4/(-16)). Let r = 314 - g. What are the prime factors of r?
2, 3, 5
Let g be 784/(-24)*(1 - -2). Let b = -36 - g. What are the prime factors of b?
2, 31
Suppose 4*v - 1 = 11. Suppose 4*u = v*t - 217, 3*u = 2*t - 2*u - 140. What are the prime factors of t?
3, 5
Let a(i) = -19*i - 1. Let p be (-1)/((-3)/12) + -2. Suppose j - 2*l + 6*l = -6, p*j + 8 = -4*l. What are the prime factors of a(j)?
37
Let f(t) = t**3 - 3*t**2 - 19*t - 11. List the prime factors of f(11).
2, 11, 17
Let r be 0/3*(-2)/(-4). Suppose 18 = 2*g - 5*k, -2*g + 2*k + 24 = 3*g. Suppose g*t + 0*t - 48 = r. List the prime factors of t.
2, 3
Let i be 3/9 + (-1078)/(-6). Let x = i - 80. Let k = -58 + x. List the prime factors of k.
2, 3, 7
Let v be (-25)/(2 - (-3)/(-1)). Let t = v - -2. List the prime factors of t.
3
Let u(z) = z**3 + 7*z**2 + 8*z + 7. Let j be 10/(-15)*(-27)/(-6). Let c be 5/(-1 + 0/j). What are the prime factors of u(c)?
17
Let q be (3 - 2)*(-1)/(-1). List the prime factors of 3/((-9)/(-213))*1/q.
71
Let b(z) = 36*z**2 + 2*z - 2. Let d be b(-2). Let a be ((-10)/15)/((-4)/d). Let r = 42 - a. List the prime factors of r.
19
Suppose -3*d + 255 = 4*t, d + 0*t = 5*t + 104. Suppose 3*z - 4*z + 2*u + d = 0, -z + 4*u + 99 = 0. What are the prime factors of z?
79
Suppose 15*a = -10*a + 150325. List the prime factors of a.
7, 859
Let n = 70 + -30. Suppose -3*p + 80 + n = 0. What are the prime factors of p?
2, 5
Suppose -1819 = 5*q - 5669. Suppose q = 9*d - 4*d. Suppose -4*r + 66 + d = 0. What are the prime factors of r?
5, 11
Suppose 0 = 4*q + 4*o - o + 9, -9 = -q + 3*o. Suppose q = s + 4*s - 525. List the prime factors of s.
3, 5, 7
Suppose -6 = u - 0*u. Let q(o) = 5*o**2 - 3*o - 4. List the prime factors of q(u).
2, 97
Let z(o) = 37*o - 10*o + 1 + 22 - o**2. What are the prime factors of z(13)?
5, 41
Let z = -196 - -893. Let x = z + -459. What are the prime factors of x?
2, 7, 17
Suppose 15*c + 68 = 19*c. Let f = c - 6. Suppose 3*q = 5*m + 35, q - f = -2*q - m. What are the prime factors of q?
5
Suppose 2*v - 240 = -3*b, 4*v = -5*b + 3*v + 400. Suppose -7*f - f - b = 0. Let o = f - -51. List the prime factors of o.
41
Let p(q) = -q**2 + 7*q - 8. Let u be (-2 + -7)*(1 - 2). Let m = u - 5. What are the prime factors of p(m)?
2
Let z(g) = -5*g**3 + 4*g**2 - 3*g + 4. Suppose 0 = l - 3*y - 6, 2*y + 10 = -l + 1. What are the prime factors of z(l)?
2, 23
Suppose 2*z = 5*b - 8, 0 = 4*b + 4*z - 14 + 2. List the prime factors of 2/(6/(-3))*(-6)/b.
3
Suppose 0 = -s - c + 1136 + 355, -4*c = 2*s - 2988. What are the prime factors of s?
2, 3, 31
Suppose a + 0 = 5*v + 5, 0 = -5*a + 5*v + 85. Let s be ((-2)/6)/(2/(-6)). Let r = a + s. List the prime factors of r.
3, 7
Let g(p) = -p**3 + 21*p**2 - 27*p + 79. What are the prime factors of g(14)?
29, 37
Suppose 874 = b - v, 2178 = 3*b - 5*v - 434. List the prime factors of b.
3, 293
Let m(c) = c**3 - 51*c**2 - 15*c - 177. What are the prime factors of m(52)?
1747
Let d(t) = -45*t**3 + t**2 + t + 1. Let q be d(-1). Suppose 151 - q = 5*s. List the prime factors of s.
3, 7
Suppose 20 = t + 4*h, -22 - 3 = -2*t - 5*h. Suppose t = 4*s + 71 - 1179. What are the prime factors of s?
277
Let y(t) = t**3 - 10*t**2 + 4*t + 2. Let p be y(4). Let f = 187 + p. What are the prime factors of f?
109
Let u = -7 + 7. Suppose -4*k - 12 = -u*k. Let m(h) = h**2 + 2*h. List the prime factors of m(k).
3
Suppose 5*a = -4*o - 1673 + 7058, 0 = 3*o + 3*a - 4035. What are the prime factors of o?
2, 5, 67
Let j(k) = 14*k - 2. Let m(y) = -27*y + 4. Let z(r) = 5*j(r) + 3*m(r). Let a be (10/(-15))/((-1)/(-3)). What are the prime factors of z(a)?
2, 3
Let w(a) = 14*a**2 - 2*a - 1. Let d be w(-1). Suppose 50 = 7*o + d. Suppose 4*t - o = 3*t. List the prime factors of t.
5
Let k(c) = 16*c**2 - 8*c - 2. Let o be k(4). Suppose -4*l = 3*t - 222, -3*t - l = -0*l - o. What are the prime factors of t?
2, 37
Let 